{"id":1153,"date":"2020-04-21T11:25:11","date_gmt":"2020-04-21T11:25:11","guid":{"rendered":"https:\/\/suv4me.de\/?page_id=1153"},"modified":"2020-05-29T07:21:34","modified_gmt":"2020-05-29T07:21:34","slug":"philosophie","status":"publish","type":"page","link":"https:\/\/suv4me.de\/index.php\/philosophie\/","title":{"rendered":"Philosophie"},"content":{"rendered":"\t\t<div data-elementor-type=\"wp-page\" data-elementor-id=\"1153\" class=\"elementor elementor-1153\" data-elementor-post-type=\"page\">\n\t\t\t\t\t\t<section class=\"elementor-section elementor-top-section elementor-element elementor-element-a83167a elementor-section-boxed elementor-section-height-default elementor-section-height-default\" data-id=\"a83167a\" data-element_type=\"section\" data-e-type=\"section\" data-settings=\"{&quot;background_background&quot;:&quot;classic&quot;,&quot;shape_divider_bottom&quot;:&quot;opacity-tilt&quot;}\">\n\t\t\t\t\t<div class=\"elementor-shape elementor-shape-bottom\" aria-hidden=\"true\" data-negative=\"false\">\n\t\t\t<svg xmlns=\"http:\/\/www.w3.org\/2000\/svg\" viewBox=\"0 0 2600 131.1\" preserveAspectRatio=\"none\">\n\t<path class=\"elementor-shape-fill\" d=\"M0 0L2600 0 2600 69.1 0 0z\"\/>\n\t<path class=\"elementor-shape-fill\" style=\"opacity:0.5\" d=\"M0 0L2600 0 2600 69.1 0 69.1z\"\/>\n\t<path class=\"elementor-shape-fill\" style=\"opacity:0.25\" d=\"M2600 0L0 0 0 130.1 2600 69.1z\"\/>\n<\/svg>\t\t<\/div>\n\t\t\t\t\t<div class=\"elementor-container elementor-column-gap-default\">\n\t\t\t\t\t<div class=\"elementor-column elementor-col-100 elementor-top-column elementor-element elementor-element-b1bc5c8\" data-id=\"b1bc5c8\" data-element_type=\"column\" data-e-type=\"column\">\n\t\t\t<div class=\"elementor-widget-wrap elementor-element-populated\">\n\t\t\t\t\t\t<div class=\"elementor-element elementor-element-970d657 elementor-widget elementor-widget-heading\" data-id=\"970d657\" data-element_type=\"widget\" data-e-type=\"widget\" data-widget_type=\"heading.default\">\n\t\t\t\t<div class=\"elementor-widget-container\">\n\t\t\t\t\t<h1 class=\"elementor-heading-title elementor-size-default\">Unsere <strong>Philosophie<\/strong><\/h1>\t\t\t\t<\/div>\n\t\t\t\t<\/div>\n\t\t\t\t\t<\/div>\n\t\t<\/div>\n\t\t\t\t\t<\/div>\n\t\t<\/section>\n\t\t\t\t<section class=\"elementor-section elementor-top-section elementor-element elementor-element-fa1c72d elementor-section-boxed elementor-section-height-default elementor-section-height-default\" data-id=\"fa1c72d\" data-element_type=\"section\" data-e-type=\"section\">\n\t\t\t\t\t\t<div class=\"elementor-container elementor-column-gap-default\">\n\t\t\t\t\t<div class=\"elementor-column elementor-col-100 elementor-top-column elementor-element elementor-element-08d5aa1\" data-id=\"08d5aa1\" data-element_type=\"column\" data-e-type=\"column\">\n\t\t\t<div class=\"elementor-widget-wrap elementor-element-populated\">\n\t\t\t\t\t\t<div class=\"elementor-element elementor-element-76bb4df elementor-widget elementor-widget-spacer\" data-id=\"76bb4df\" data-element_type=\"widget\" data-e-type=\"widget\" data-widget_type=\"spacer.default\">\n\t\t\t\t<div class=\"elementor-widget-container\">\n\t\t\t\t\t\t\t<div class=\"elementor-spacer\">\n\t\t\t<div class=\"elementor-spacer-inner\"><\/div>\n\t\t<\/div>\n\t\t\t\t\t\t<\/div>\n\t\t\t\t<\/div>\n\t\t\t\t\t<\/div>\n\t\t<\/div>\n\t\t\t\t\t<\/div>\n\t\t<\/section>\n\t\t\t\t<section class=\"elementor-section elementor-top-section elementor-element elementor-element-b44e234 elementor-section-boxed elementor-section-height-default elementor-section-height-default\" data-id=\"b44e234\" data-element_type=\"section\" data-e-type=\"section\">\n\t\t\t\t\t\t<div class=\"elementor-container elementor-column-gap-default\">\n\t\t\t\t\t<div class=\"elementor-column elementor-col-100 elementor-top-column elementor-element elementor-element-784597c\" data-id=\"784597c\" data-element_type=\"column\" data-e-type=\"column\">\n\t\t\t<div class=\"elementor-widget-wrap elementor-element-populated\">\n\t\t\t\t\t\t<div class=\"elementor-element elementor-element-2429c20 elementor-widget elementor-widget-heading\" data-id=\"2429c20\" data-element_type=\"widget\" data-e-type=\"widget\" data-widget_type=\"heading.default\">\n\t\t\t\t<div class=\"elementor-widget-container\">\n\t\t\t\t\t<div class=\"elementor-heading-title elementor-size-default\"><strong>4x4<\/strong> Touren f\u00fcr <strong>reine SUV's<\/strong><\/div>\t\t\t\t<\/div>\n\t\t\t\t<\/div>\n\t\t\t\t<div class=\"elementor-element elementor-element-8e9a9e3 elementor-widget elementor-widget-text-editor\" data-id=\"8e9a9e3\" data-element_type=\"widget\" data-e-type=\"widget\" data-widget_type=\"text-editor.default\">\n\t\t\t\t<div class=\"elementor-widget-container\">\n\t\t\t\t\t\t\t\t\t<p>Hier ist man eben nicht als einziger PKW unter sonst \u201eausgewachsenen\u201c Gel\u00e4ndewagen mit AT-Bereifung und Vollausstattung f\u00fcr das Gel\u00e4nde unterwegs. \u201eA Jeep is not a SUV and a SUV is not a Jeep!\u201c Ein Jeep ist l\u00e4ngst nicht so komfortabel und stra\u00dfentauglich wie ein SUV und ein SUV ist nicht so gel\u00e4ndeg\u00e4ngig wie ein Jeep.<\/p><p>Diesem Motto wird bei den Touren entsprechend Rechnung getragen. Also keine Schlamml\u00f6cher oder dichtes Gestr\u00fcpp. Wir sind auf Sandpisten, Feld- und Waldwegen und Schotterpisten (Offroad) unterwegs. Die Touren wurden so geplant, dass m\u00f6glichst wenig Asphaltstrassen, daf\u00fcr m\u00f6glichst viele Nebenstrassen und \u201eOffroadpisten\u201c genutzt werden, die mit normalen Stra\u00dfenreifen zu schaffen sind. Allerdings sind wir in der Natur unterwegs und wetterbedingt k\u00f6nnen die Rahmenbedingungen schon mal eine Herausforderung (aufgeweichte Feldwege, Schnee, umgest\u00fcrzte B\u00e4ume) darstellen. Aber nat\u00fcrlich sind uns auch alle Jeep-Fahrer herzlich willkommen, die es etwas ruhiger und gem\u00fctlicher angehen lassen wollen.<\/p>\t\t\t\t\t\t\t\t<\/div>\n\t\t\t\t<\/div>\n\t\t\t\t\t<\/div>\n\t\t<\/div>\n\t\t\t\t\t<\/div>\n\t\t<\/section>\n\t\t\t\t<section class=\"elementor-section elementor-top-section elementor-element elementor-element-68487f4 elementor-section-boxed elementor-section-height-default elementor-section-height-default\" data-id=\"68487f4\" data-element_type=\"section\" data-e-type=\"section\" data-settings=\"{&quot;background_background&quot;:&quot;classic&quot;}\">\n\t\t\t\t\t\t<div class=\"elementor-container elementor-column-gap-default\">\n\t\t\t\t\t<div class=\"elementor-column elementor-col-100 elementor-top-column elementor-element elementor-element-ee60a5e\" data-id=\"ee60a5e\" data-element_type=\"column\" data-e-type=\"column\">\n\t\t\t<div class=\"elementor-widget-wrap elementor-element-populated\">\n\t\t\t\t\t\t<div class=\"elementor-element elementor-element-e2d14cb elementor-widget elementor-widget-heading\" data-id=\"e2d14cb\" data-element_type=\"widget\" data-e-type=\"widget\" data-widget_type=\"heading.default\">\n\t\t\t\t<div class=\"elementor-widget-container\">\n\t\t\t\t\t<div class=\"elementor-heading-title elementor-size-default\">4x4 <strong>Wandern<\/strong><\/div>\t\t\t\t<\/div>\n\t\t\t\t<\/div>\n\t\t\t\t<div class=\"elementor-element elementor-element-e8a5185 elementor-widget elementor-widget-text-editor\" data-id=\"e8a5185\" data-element_type=\"widget\" data-e-type=\"widget\" data-widget_type=\"text-editor.default\">\n\t\t\t\t<div class=\"elementor-widget-container\">\n\t\t\t\t\t\t\t\t\t<p>SUVs erfreuen sich einer immer gr\u00f6\u00dfer werdenden Beliebtheit, was nicht zuletzt daran liegt, dass ein SUV seinem Fahrer Sicherheit vermittelt. Sicherheit, jede Fahrsituation und auch mal schlechte Wegstrecken meistern zu k\u00f6nnen. Genau f\u00fcr diese Zielgruppe biete ich als Reiseveranstalter Offroadtouren an, aber mit einem g\u00e4nzlich anderem Konzept als heute etablierte Offroad-Reiseanbieter. Mein Konzept erm\u00f6glicht SUV-Fahrern, soweit irgend m\u00f6glich, material- und naturschonend abseits befestigter Stra\u00dfen ihren oft recht teuren SUV einmal Offroad bewegen zu k\u00f6nnen. Es sind Offroadtouren, die extra f\u00fcr SUV`s gescoutet wurden. Wo es eben keine Schlamml\u00f6cher oder \u201edichtes Gestr\u00fcpp\u201c zu durchqueren gilt.<\/p><p>Ein Gro\u00dfteil der Touren kann auch mit normalen Stra\u00dfenreifen gefahren werden, so dass ein Teilnehmer nicht extra AT-Bereifung kaufen mu\u00df. Das Motto lautet \u201ecruisen, nicht rasen!\u201c Ich nenne es auch \u201e4\u00d74 wandern\u201c, um dabei die Weite und Sch\u00f6nheit der Natur genie\u00dfen zu k\u00f6nnen. Angeboten werden zum einen Wochentouren (Mecklenburg-Vorpommern, \u00d6sterreich, Kroatien) aber auch Offroad-Schnuppertouren \u00fcber zwei Tage. Alle Touren finden nicht an Wochenenden statt, um mit den anderen Naturliebhabern m\u00f6glichst nicht in Konflikt zu geraten.<\/p>\t\t\t\t\t\t\t\t<\/div>\n\t\t\t\t<\/div>\n\t\t\t\t\t<\/div>\n\t\t<\/div>\n\t\t\t\t\t<\/div>\n\t\t<\/section>\n\t\t\t\t<section class=\"elementor-section elementor-top-section elementor-element elementor-element-aad52f4 elementor-section-boxed elementor-section-height-default elementor-section-height-default\" data-id=\"aad52f4\" data-element_type=\"section\" data-e-type=\"section\">\n\t\t\t\t\t\t<div class=\"elementor-container elementor-column-gap-default\">\n\t\t\t\t\t<div class=\"elementor-column elementor-col-100 elementor-top-column elementor-element elementor-element-3a4a9a0\" data-id=\"3a4a9a0\" data-element_type=\"column\" data-e-type=\"column\">\n\t\t\t<div class=\"elementor-widget-wrap elementor-element-populated\">\n\t\t\t\t\t\t<div class=\"elementor-element elementor-element-6afbb36 elementor-widget elementor-widget-heading\" data-id=\"6afbb36\" data-element_type=\"widget\" data-e-type=\"widget\" data-widget_type=\"heading.default\">\n\t\t\t\t<div class=\"elementor-widget-container\">\n\t\t\t\t\t<div class=\"elementor-heading-title elementor-size-default\">Der <strong>Weg<\/strong> ist das <strong>Ziel!<\/strong><\/div>\t\t\t\t<\/div>\n\t\t\t\t<\/div>\n\t\t\t\t<div class=\"elementor-element elementor-element-31b3eff elementor-widget elementor-widget-text-editor\" data-id=\"31b3eff\" data-element_type=\"widget\" data-e-type=\"widget\" data-widget_type=\"text-editor.default\">\n\t\t\t\t<div class=\"elementor-widget-container\">\n\t\t\t\t\t\t\t\t\t<ul><li>Aus Freude am fahren und aus Freude an der Natur (und daher entsprechend r\u00fccksichtsvoll).<\/li><li>Gef\u00fchrte 4\u00d74 Wanderungen \u00fcber Schotterpisten aber Reifen-, Material- und Natur schonend soweit m\u00f6glich. Cruisen \u2013 nicht rasen \u2013 ist unsere Devise!<\/li><\/ul>\t\t\t\t\t\t\t\t<\/div>\n\t\t\t\t<\/div>\n\t\t\t\t\t<\/div>\n\t\t<\/div>\n\t\t\t\t\t<\/div>\n\t\t<\/section>\n\t\t\t\t<section class=\"elementor-section elementor-top-section elementor-element elementor-element-20a4ff0 elementor-section-boxed elementor-section-height-default elementor-section-height-default\" data-id=\"20a4ff0\" data-element_type=\"section\" data-e-type=\"section\" data-settings=\"{&quot;background_background&quot;:&quot;classic&quot;}\">\n\t\t\t\t\t\t<div class=\"elementor-container elementor-column-gap-default\">\n\t\t\t\t\t<div class=\"elementor-column elementor-col-100 elementor-top-column elementor-element elementor-element-b0c1c1a\" data-id=\"b0c1c1a\" data-element_type=\"column\" data-e-type=\"column\">\n\t\t\t<div class=\"elementor-widget-wrap elementor-element-populated\">\n\t\t\t\t\t\t<div class=\"elementor-element elementor-element-09e7d00 elementor-widget elementor-widget-heading\" data-id=\"09e7d00\" data-element_type=\"widget\" data-e-type=\"widget\" data-widget_type=\"heading.default\">\n\t\t\t\t<div class=\"elementor-widget-container\">\n\t\t\t\t\t<div class=\"elementor-heading-title elementor-size-default\">Ein <strong>gem\u00fctliches Hotel<\/strong> und gutes Essen ist uns <strong>wichtig!<\/strong><\/div>\t\t\t\t<\/div>\n\t\t\t\t<\/div>\n\t\t\t\t<div class=\"elementor-element elementor-element-42d0e15 elementor-widget elementor-widget-text-editor\" data-id=\"42d0e15\" data-element_type=\"widget\" data-e-type=\"widget\" data-widget_type=\"text-editor.default\">\n\t\t\t\t<div class=\"elementor-widget-container\">\n\t\t\t\t\t\t\t\t\t<p>Wir nutzen nur sehr sorgf\u00e4ltig ausgesuchte Hotels in denen man sich wirklich wohlf\u00fchlen kann. Aber auch die Verk\u00f6stigung durch eine gute K\u00fcche mu\u00df gew\u00e4hrleistet sein, denn das leibliche Wohl geh\u00f6rt f\u00fcr uns zu einem erfolgreichen Offroad-Aktivurlaub einfach mit dazu.<\/p>\t\t\t\t\t\t\t\t<\/div>\n\t\t\t\t<\/div>\n\t\t\t\t\t<\/div>\n\t\t<\/div>\n\t\t\t\t\t<\/div>\n\t\t<\/section>\n\t\t\t\t<section class=\"elementor-section elementor-top-section elementor-element elementor-element-6912604 elementor-section-boxed elementor-section-height-default elementor-section-height-default\" data-id=\"6912604\" data-element_type=\"section\" data-e-type=\"section\">\n\t\t\t\t\t\t<div class=\"elementor-container elementor-column-gap-default\">\n\t\t\t\t\t<div class=\"elementor-column elementor-col-100 elementor-top-column elementor-element elementor-element-6cf1d1d\" data-id=\"6cf1d1d\" data-element_type=\"column\" data-e-type=\"column\">\n\t\t\t<div class=\"elementor-widget-wrap elementor-element-populated\">\n\t\t\t\t\t\t\t<\/div>\n\t\t<\/div>\n\t\t\t\t\t<\/div>\n\t\t<\/section>\n\t\t\t\t<\/div>\n\t\t","protected":false},"excerpt":{"rendered":"<p>Unsere Philosophie 4&#215;4 Touren f\u00fcr reine SUV&#8217;s Hier ist man eben nicht als einziger PKW unter sonst \u201eausgewachsenen\u201c Gel\u00e4ndewagen mit AT-Bereifung und Vollausstattung f\u00fcr das Gel\u00e4nde unterwegs. \u201eA Jeep is not a SUV and a SUV is not a Jeep!\u201c Ein Jeep ist l\u00e4ngst nicht so komfortabel und stra\u00dfentauglich wie ein SUV und ein SUV [&hellip;]<\/p>\n","protected":false},"author":3,"featured_media":0,"parent":0,"menu_order":0,"comment_status":"closed","ping_status":"closed","template":"elementor_header_footer","meta":{"footnotes":""},"class_list":["post-1153","page","type-page","status-publish","hentry"],"yoast_head":"<!-- This site is optimized with the Yoast SEO plugin v27.3 - https:\/\/yoast.com\/product\/yoast-seo-wordpress\/ -->\n<title>Philosophie - suv4me<\/title>\n<meta name=\"description\" content=\"Wieso bieten wir Offroad Touren mit dem eigenen SUV an? Erfahren sie auf dieser Seite, wieso uns das Offroad fahren so viel Freude bereitet.\" \/>\n<meta name=\"robots\" content=\"noindex, follow, max-snippet:-1, max-image-preview:large, max-video-preview:-1\" \/>\n<meta property=\"og:locale\" content=\"de_DE\" \/>\n<meta property=\"og:type\" content=\"article\" \/>\n<meta property=\"og:title\" content=\"Philosophie - suv4me\" \/>\n<meta property=\"og:description\" content=\"Wieso bieten wir Offroad Touren mit dem eigenen SUV an? Erfahren sie auf dieser Seite, wieso uns das Offroad fahren so viel Freude bereitet.\" \/>\n<meta property=\"og:url\" content=\"https:\/\/suv4me.de\/index.php\/philosophie\/\" \/>\n<meta property=\"og:site_name\" content=\"suv4me\" \/>\n<meta property=\"article:modified_time\" content=\"2020-05-29T07:21:34+00:00\" \/>\n<meta name=\"twitter:card\" content=\"summary_large_image\" \/>\n<meta name=\"twitter:label1\" content=\"Gesch\u00e4tzte Lesezeit\" \/>\n\t<meta name=\"twitter:data1\" content=\"2\u00a0Minuten\" \/>\n<script type=\"application\/ld+json\" class=\"yoast-schema-graph\">{\"@context\":\"https:\\\/\\\/schema.org\",\"@graph\":[{\"@type\":\"WebPage\",\"@id\":\"https:\\\/\\\/suv4me.de\\\/index.php\\\/philosophie\\\/\",\"url\":\"https:\\\/\\\/suv4me.de\\\/index.php\\\/philosophie\\\/\",\"name\":\"Philosophie - suv4me\",\"isPartOf\":{\"@id\":\"https:\\\/\\\/suv4me.de\\\/#website\"},\"datePublished\":\"2020-04-21T11:25:11+00:00\",\"dateModified\":\"2020-05-29T07:21:34+00:00\",\"description\":\"Wieso bieten wir Offroad Touren mit dem eigenen SUV an? Erfahren sie auf dieser Seite, wieso uns das Offroad fahren so viel Freude bereitet.\",\"breadcrumb\":{\"@id\":\"https:\\\/\\\/suv4me.de\\\/index.php\\\/philosophie\\\/#breadcrumb\"},\"inLanguage\":\"de\",\"potentialAction\":[{\"@type\":\"ReadAction\",\"target\":[\"https:\\\/\\\/suv4me.de\\\/index.php\\\/philosophie\\\/\"]}]},{\"@type\":\"BreadcrumbList\",\"@id\":\"https:\\\/\\\/suv4me.de\\\/index.php\\\/philosophie\\\/#breadcrumb\",\"itemListElement\":[{\"@type\":\"ListItem\",\"position\":1,\"name\":\"Home\",\"item\":\"https:\\\/\\\/suv4me.de\\\/\"},{\"@type\":\"ListItem\",\"position\":2,\"name\":\"Philosophie\"}]},{\"@type\":\"WebSite\",\"@id\":\"https:\\\/\\\/suv4me.de\\\/#website\",\"url\":\"https:\\\/\\\/suv4me.de\\\/\",\"name\":\"suv4me\",\"description\":\"SUV 4 Fun\",\"publisher\":{\"@id\":\"https:\\\/\\\/suv4me.de\\\/#organization\"},\"potentialAction\":[{\"@type\":\"SearchAction\",\"target\":{\"@type\":\"EntryPoint\",\"urlTemplate\":\"https:\\\/\\\/suv4me.de\\\/?s={search_term_string}\"},\"query-input\":{\"@type\":\"PropertyValueSpecification\",\"valueRequired\":true,\"valueName\":\"search_term_string\"}}],\"inLanguage\":\"de\"},{\"@type\":\"Organization\",\"@id\":\"https:\\\/\\\/suv4me.de\\\/#organization\",\"name\":\"suv4me\",\"url\":\"https:\\\/\\\/suv4me.de\\\/\",\"logo\":{\"@type\":\"ImageObject\",\"inLanguage\":\"de\",\"@id\":\"https:\\\/\\\/suv4me.de\\\/#\\\/schema\\\/logo\\\/image\\\/\",\"url\":\"https:\\\/\\\/suv4me.de\\\/wp-content\\\/uploads\\\/2020\\\/01\\\/cropped-SUV_Logo-1.png\",\"contentUrl\":\"https:\\\/\\\/suv4me.de\\\/wp-content\\\/uploads\\\/2020\\\/01\\\/cropped-SUV_Logo-1.png\",\"width\":1001,\"height\":571,\"caption\":\"suv4me\"},\"image\":{\"@id\":\"https:\\\/\\\/suv4me.de\\\/#\\\/schema\\\/logo\\\/image\\\/\"}}]}<\/script>\n<!-- \/ Yoast SEO plugin. -->","yoast_head_json":{"title":"Philosophie - suv4me","description":"Wieso bieten wir Offroad Touren mit dem eigenen SUV an? Erfahren sie auf dieser Seite, wieso uns das Offroad fahren so viel Freude bereitet.","robots":{"index":"noindex","follow":"follow","max-snippet":"max-snippet:-1","max-image-preview":"max-image-preview:large","max-video-preview":"max-video-preview:-1"},"og_locale":"de_DE","og_type":"article","og_title":"Philosophie - suv4me","og_description":"Wieso bieten wir Offroad Touren mit dem eigenen SUV an? Erfahren sie auf dieser Seite, wieso uns das Offroad fahren so viel Freude bereitet.","og_url":"https:\/\/suv4me.de\/index.php\/philosophie\/","og_site_name":"suv4me","article_modified_time":"2020-05-29T07:21:34+00:00","twitter_card":"summary_large_image","twitter_misc":{"Gesch\u00e4tzte Lesezeit":"2\u00a0Minuten"},"schema":{"@context":"https:\/\/schema.org","@graph":[{"@type":"WebPage","@id":"https:\/\/suv4me.de\/index.php\/philosophie\/","url":"https:\/\/suv4me.de\/index.php\/philosophie\/","name":"Philosophie - suv4me","isPartOf":{"@id":"https:\/\/suv4me.de\/#website"},"datePublished":"2020-04-21T11:25:11+00:00","dateModified":"2020-05-29T07:21:34+00:00","description":"Wieso bieten wir Offroad Touren mit dem eigenen SUV an? Erfahren sie auf dieser Seite, wieso uns das Offroad fahren so viel Freude bereitet.","breadcrumb":{"@id":"https:\/\/suv4me.de\/index.php\/philosophie\/#breadcrumb"},"inLanguage":"de","potentialAction":[{"@type":"ReadAction","target":["https:\/\/suv4me.de\/index.php\/philosophie\/"]}]},{"@type":"BreadcrumbList","@id":"https:\/\/suv4me.de\/index.php\/philosophie\/#breadcrumb","itemListElement":[{"@type":"ListItem","position":1,"name":"Home","item":"https:\/\/suv4me.de\/"},{"@type":"ListItem","position":2,"name":"Philosophie"}]},{"@type":"WebSite","@id":"https:\/\/suv4me.de\/#website","url":"https:\/\/suv4me.de\/","name":"suv4me","description":"SUV 4 Fun","publisher":{"@id":"https:\/\/suv4me.de\/#organization"},"potentialAction":[{"@type":"SearchAction","target":{"@type":"EntryPoint","urlTemplate":"https:\/\/suv4me.de\/?s={search_term_string}"},"query-input":{"@type":"PropertyValueSpecification","valueRequired":true,"valueName":"search_term_string"}}],"inLanguage":"de"},{"@type":"Organization","@id":"https:\/\/suv4me.de\/#organization","name":"suv4me","url":"https:\/\/suv4me.de\/","logo":{"@type":"ImageObject","inLanguage":"de","@id":"https:\/\/suv4me.de\/#\/schema\/logo\/image\/","url":"https:\/\/suv4me.de\/wp-content\/uploads\/2020\/01\/cropped-SUV_Logo-1.png","contentUrl":"https:\/\/suv4me.de\/wp-content\/uploads\/2020\/01\/cropped-SUV_Logo-1.png","width":1001,"height":571,"caption":"suv4me"},"image":{"@id":"https:\/\/suv4me.de\/#\/schema\/logo\/image\/"}}]}},"_links":{"self":[{"href":"https:\/\/suv4me.de\/index.php\/wp-json\/wp\/v2\/pages\/1153","targetHints":{"allow":["GET"]}}],"collection":[{"href":"https:\/\/suv4me.de\/index.php\/wp-json\/wp\/v2\/pages"}],"about":[{"href":"https:\/\/suv4me.de\/index.php\/wp-json\/wp\/v2\/types\/page"}],"author":[{"embeddable":true,"href":"https:\/\/suv4me.de\/index.php\/wp-json\/wp\/v2\/users\/3"}],"replies":[{"embeddable":true,"href":"https:\/\/suv4me.de\/index.php\/wp-json\/wp\/v2\/comments?post=1153"}],"version-history":[{"count":8,"href":"https:\/\/suv4me.de\/index.php\/wp-json\/wp\/v2\/pages\/1153\/revisions"}],"predecessor-version":[{"id":1454,"href":"https:\/\/suv4me.de\/index.php\/wp-json\/wp\/v2\/pages\/1153\/revisions\/1454"}],"wp:attachment":[{"href":"https:\/\/suv4me.de\/index.php\/wp-json\/wp\/v2\/media?parent=1153"}],"curies":[{"name":"wp","href":"https:\/\/api.w.org\/{rel}","templated":true}]}}